et k(c) = 5*c. Let s be k(1). Suppose 0 = -4*m - 5*h + s, h - 3*h - 6 = 0. Suppose m*q - 266 - 129 = 0. Is q a composite number?
False
Suppose -5*z + z = 7592. Let d = z - -2925. Is d a composite number?
True
Let q(j) = 19*j**3 + 2*j**2 - 1. Suppose -28 + 83 = -3*x - 2*r, -2*x - r = 38. Let s be 16/7 - (-6)/x. Is q(s) prime?
False
Let y be ((-3)/(-3) + -4 + 2)/1. Let j(v) = 649*v**2 + 4*v + 4. Is j(y) a composite number?
True
Suppose -5*f + 0*n + 22536 = n, 5*f - 2*n = 22548. Let g = f + -1005. Is g a prime number?
False
Suppose 2*r - 1898 = -0*r. Let v = 1862 - r. Is v composite?
True
Let x = 23144 + -11603. Is x prime?
False
Let v = 77 - 44. Let y = 2 + v. Is y a composite number?
True
Let r = 13 - 11. Suppose -r*u + 655 = -n - 2*n, -640 = -2*u - 2*n. Is u prime?
False
Let o = 1377 - 878. Is o prime?
True
Let u be (-8)/(-28)*(6 + 1). Let h(y) = -3*y - y - 3 + 6*y + 4*y**2 - y**u. Is h(-4) composite?
False
Let o = 10915 + -3936. Suppose -5*d = 4*n - 12359 + 738, 3*d + 4*n - o = 0. Is d prime?
False
Let x(s) = 26*s**2 + 20*s + 5. Is x(-9) prime?
True
Suppose -12 = -4*u, -i + u = 3*u - 7067. Is i prime?
False
Let a(o) be the first derivative of o**4/4 - 7*o**3/3 + 7*o**2/2 - 4*o - 2. Is a(6) a composite number?
False
Is (17/34)/((-5)/14)*-1115 a prime number?
False
Suppose -6*s + 80 = 8. Is (s/3)/(-8) + (-846)/(-4) composite?
False
Suppose 0 = 5*g - k + 907, -5*k - 541 = 3*g - 4*k. Let i = g + 255. Suppose v - i = -v. Is v a prime number?
True
Suppose 2*g = 2*d + g - 4824, -3*d + 3*g = -7239. Is d a prime number?
True
Suppose 0 = -8*k + 3*k + 1550. Let r(b) = -34*b + 650. Let y be r(19). Suppose -30 = -y*s + k. Is s a prime number?
False
Let l(k) = 4*k**2 + 5*k + 4. Let v be l(-1). Is 2*v/(-9) + (-766)/(-6) a composite number?
False
Suppose -14*c + 6804 = -7*c. Suppose -3*q - 4*k + 605 = -864, c = 2*q - k. Is q prime?
True
Let m = -4729 - -7182. Is m composite?
True
Let v = -3358 + 7179. Is v prime?
True
Suppose i = 2*k - 6, -i + 5 - 23 = 2*k. Let g be (i/(-9))/((-4)/(-18)). Is (-140)/(-2)*3/g composite?
True
Let w(v) = 2*v**3 - v**2 - v - 1. Let y be w(2). Suppose -i = 5*p + 18, 4*i - 7 = 2*p + y. Is ((-8)/8)/(i/(-358)) prime?
True
Let u be 2 + 54 - (-2)/1. Let z(i) = 5 - 5 + u*i**2 + 2*i - 3*i. Is z(-1) a composite number?
False
Let r(x) = -2*x + 1. Let y be r(-1). Suppose -y*g + 4*g + 2*f + 6 = 0, 36 = 4*g - 4*f. Suppose 0*q + 135 = g*v + q, 3*v + 5*q = 80. Is v a composite number?
True
Let s(q) = 2*q**2 + 22*q + 71. Is s(22) a prime number?
True
Let m(c) = -3*c + 10. Let s be m(4). Let l be (5 + 1)/s - -6. Suppose -5*r + 674 = 2*p - 447, l*r - 675 = -2*p. Is r composite?
False
Let i = -216 - -350. Let w = 134 + 337. Let c = w - i. Is c prime?
True
Let v(a) = -17*a**3 - 7*a**2 - 6*a + 7. Let r be (6/(-4))/(18/48). Is v(r) prime?
False
Let f = -41 - -43. Suppose -f*u + 2*l = -0*u - 414, 0 = -u - 3*l + 199. Is u a prime number?
False
Let a = 18 - 15. Let b be -4 - (a - (3 + 4)). Suppose -16 = 4*g, d + 0*g - 3*g - 161 = b. Is d prime?
True
Suppose j = 5*n + 42558, 15*n = -4*j + 18*n + 170147. Is j prime?
True
Let p(d) = -43*d**3 - 6*d**2 - 10*d - 109. Is p(-6) a prime number?
False
Suppose 0 = -10*c - 120 - 20. Is (-12862)/c - (-36)/126 a composite number?
False
Let t(c) be the second derivative of -23*c**3/3 - 9*c**2/2 + 2*c. Let k be t(-6). Let j = k + 146. Is j composite?
True
Suppose -216 = -2*l - 2*l. Suppose 3*f + l = 3*h, -6*f + f - 3*h - 122 = 0. Let r = 15 - f. Is r a prime number?
True
Let c be 22585/(-2) + (4/8 - 0). Is c/(-9) + -2 + (-4)/(-12) composite?
True
Suppose -3*a = q - 1111, -2054 = -4*a + 2*q - 556. Let k = 23 + -246. Let d = a + k. Is d a composite number?
False
Let m = 392 + -145. Is m composite?
True
Suppose 8*f - 7*f - 3151 = 0. Is f composite?
True
Suppose -2*g - 4*u - 2368 = -2*u, -u + 1 = 0. Is (g/10 + 1)/(2/(-4)) composite?
True
Let r(v) be the second derivative of 1/2*v**2 + 0 - 10/3*v**3 + 13*v. Is r(-1) composite?
True
Let g(d) = 66*d**2 - 3*d - 13. Is g(4) composite?
False
Suppose -105890 = -898*o + 888*o. Is o composite?
False
Suppose -25227 + 10163 = 4*t. Let h be (8/16)/((-1)/t). Suppose 0 = 5*g - 2*o - h, 0*g - 5*o = 3*g - 1136. Is g a composite number?
True
Let u = 109 + -107. Suppose -4*s + 385 = 3*p, -8*p = -3*p - 4*s - 663. Is (u - 2) + (p - 4) a prime number?
True
Let l = -7 - -10. Let n be -1*(6/2 - 5). Suppose n*i - 5*k = -2*i + 3, 2*i - l*k = -1. Is i composite?
False
Suppose 7*v + 2556 = 4*v + 3*g, 3*v + g + 2576 = 0. Let c = v + 1276. Is c a prime number?
True
Let u be 951/(-21) - (32/(-14) - -2). Let r = u - -1428. Is r a prime number?
False
Let p = -3563 + 12328. Is p prime?
False
Let r = -2268 - -4601. Is r composite?
False
Suppose -5*y + 0 + 15 = 0. Suppose 3*q - 12 = y*f, 0 = -2*q - 2*q + 16. Let b(l) = l**3 + l**2 + 293. Is b(f) prime?
True
Suppose 8*i + 5*g - 11740 = 3*i, -11785 = -5*i + 4*g. Is i composite?
True
Suppose 3*d = -3*l + 8667, -2*l + 4*l - 5766 = 4*d. Is l a composite number?
False
Suppose 3*h = -p + 11, 17 = 3*h + 2*h + 3*p. Suppose -2*l + 37 = d, 3*l + 116 = 3*d + h*l. Suppose w - g = -0*g + d, -2*w + 4*g = -82. Is w prime?
True
Let b be ((-40)/(-15))/(4/1590). Suppose -i - b = -3*s, 3*s = 7*s + 2*i - 1430. Suppose 284 = 4*v - z, v + 4*v = 4*z + s. Is v a composite number?
False
Let d(i) = i**3. Let y(b) = -7*b**3 + 31*b**2 + 4*b - 14. Let z(p) = -5*d(p) - y(p). Is z(21) prime?
False
Let u(h) = -2 + h**2 - 1 - 3*h**2 - 1 + 13*h. Let k be u(6). Suppose 50 - 4 = 4*p + 5*q, 24 = 2*p + k*q. Is p composite?
True
Suppose -1242 = 5*b - 11737. Is b a composite number?
False
Is ((-53466)/12 + -6)/(4/(-8)) composite?
False
Let b = 45 - 43. Suppose 3*p = j + 1176, -b*p + 3*j + 948 - 157 = 0. Is p prime?
False
Let c(n) = -5 - 1 + 2 - 1 + 2*n**2 - 8*n. Suppose -3*p - 2 = -2*f, -3*p = 12 - 0. Is c(f) a composite number?
True
Let p be 10/(-20)*59*4*-1. Suppose -5*z - p = -d, 0*z + 126 = d + 3*z. Is d composite?
True
Suppose 2*f = -88 + 380. Suppose 2*j - 4*a = -0*j + f, -4*a - 225 = -3*j. Is j composite?
False
Is 2/11 + 1308705/473 prime?
True
Is (61053 + -1)*(13 - (-329)/(-28)) a prime number?
False
Is (19 - 19) + 13238 + -3 composite?
True
Is 6/(-10) - (-741272)/70 a composite number?
False
Suppose 5*r - 12 = -132. Let i = 145 + r. Is i prime?
False
Let w be 16/10*(-30)/6. Let k(b) = -7*b**2 - 6*b + 8. Let p be k(w). Let s = -87 - p. Is s a composite number?
True
Let x(i) = 1583*i**2 - 5*i - 7. Is x(4) a composite number?
False
Let s = 29860 + -17345. Is s a composite number?
True
Let l(j) = 56*j**2 - 13*j - 12. Is l(11) a composite number?
True
Let n = 50 - 125. Let y = n - -162. Is y prime?
False
Let l be -2*(-3)/(-6)*-5. Suppose 9 = l*s + 4*x, -x - 2 = -3*x. Is 1/((4 - s)/231) composite?
True
Suppose p = 0, -4*r - 3*p + p = -12. Suppose 301 = 2*x - 3*j, j = r*x - 353 - 109. Is x prime?
False
Let y(m) = 5*m**2 + 2*m - 11. Let f be (-16)/3*(-6)/(-4). Is y(f) a prime number?
True
Suppose 0 = -8*j - 8*j + 112720. Is j a composite number?
True
Suppose x + 1527 = -2*d + 9500, -3*x + 11952 = 3*d. Is d a prime number?
True
Let y(d) = d**3 + 10*d**2 - 11*d + 1. Let i be y(-11). Suppose 7 = 4*s - i. Is ((-98)/s + 0)*-1 a prime number?
False
Let s(z) = 2369*z**2 + 2. Is s(-1) composite?
False
Suppose c + 56 = 5*t + 3*c, -c - 50 = -4*t. Suppose -1788 = 8*p - t*p. Is p a composite number?
True
Suppose -7*q = -12*q + 3945. Is q prime?
False
Let i be (-6)/(-4)*(-128)/(-12). Let o = 399 + i. Is o a composite number?
True
Let a be (-6)/(-4)*21/(-9)*-2. Suppose -10*y + 4119 = -a*y. Is y a composite number?
False
Is 26 + -32 + (0 - -10067) a prime number?
True
Suppose j = 5*h - 17 - 0, -2*h + 5*j + 16 = 0. Suppose 16 = 4*n, 5*n - 114 - 92 = -h*x. Suppose -4*f + 246 = -x. Is f composite?
True
Let h(i) = i**2 + 5*i + 12. Let j be h(-4). Let r(q) = 3*q**2 + 7*q - 13. Is r(j) prime?
False
Let i(z) = 12*z + 2*z - 2*z + 2. Let g be -2*(6/3)/(-4). Is i(g) a composite number?
True
Let c = 3 - 17. Is (c/(-3))/((-20)/(-6990)) composite?
True
Is (89*-2)/(26/(-1651)) prime?
False
Suppose 0 = 5*g - 6 - 4. Suppose g*x = -2*x + 312. Suppose -4*z + 29 = 3*b - 198, b - x = z. Is b composite?
True
Let p = -92 + 93. Is (-4)/(-16) - (p + 8215/(-4)) a prime number?
True
Suppose -4146 = -2*o - 2*i, -10*i = 3*o - 13*i - 6